t common factor of 92 and 851.
23
What is the greatest common factor of 3293 and 178?
89
What is the highest common divisor of 400 and 80?
80
What is the highest common factor of 3293 and 296?
37
Calculate the highest common factor of 93 and 31.
31
Calculate the highest common divisor of 88 and 3058.
22
What is the greatest common factor of 20241 and 26?
13
What is the highest common divisor of 775 and 9920?
155
What is the greatest common factor of 25 and 785?
5
What is the highest common factor of 1740 and 40?
20
What is the highest common divisor of 3034 and 164?
82
Calculate the greatest common factor of 45 and 120.
15
What is the greatest common divisor of 14413 and 203?
203
What is the highest common factor of 588 and 12?
12
What is the highest common divisor of 33 and 561?
33
Calculate the greatest common factor of 384 and 112.
16
What is the highest common divisor of 34000 and 32?
16
What is the highest common factor of 3516 and 6?
6
What is the highest common divisor of 165 and 60?
15
Calculate the greatest common divisor of 50 and 575.
25
What is the highest common divisor of 122 and 305?
61
What is the highest common divisor of 275 and 77?
11
What is the highest common divisor of 1512 and 56?
56
Calculate the greatest common divisor of 320 and 60.
20
Calculate the highest common divisor of 1886 and 451.
41
What is the highest common factor of 11 and 319?
11
What is the highest common divisor of 12 and 2172?
12
What is the highest common divisor of 689 and 52?
13
Calculate the greatest common divisor of 51 and 2533.
17
What is the greatest common factor of 18 and 93?
3
Calculate the highest common divisor of 20 and 8390.
10
Calculate the greatest common divisor of 30 and 105.
15
Calculate the greatest common factor of 9 and 2.
1
Calculate the highest common factor of 65 and 12922.
13
Calculate the greatest common divisor of 510 and 3825.
255
What is the highest common divisor of 9 and 8028?
9
Calculate the greatest common factor of 85 and 4165.
85
Calculate the greatest common divisor of 399 and 609.
21
Calculate the greatest common divisor of 562 and 2.
2
What is the highest common divisor of 196 and 882?
98
Calculate the highest common divisor of 120 and 552.
24
What is the greatest common divisor of 13206 and 310?
62
Calculate the greatest common divisor of 1766 and 8.
2
Calculate the greatest common factor of 34 and 10404.
34
Calculate the greatest common divisor of 845 and 390.
65
What is the greatest common factor of 360 and 15?
15
Calculate the highest common divisor of 1224 and 216.
72
What is the greatest common factor of 437 and 19?
19
What is the highest common divisor of 192 and 372?
12
What is the highest common divisor of 8 and 260?
4
What is the highest common divisor of 24 and 4038?
6
Calculate the greatest common factor of 32062 and 69.
23
What is the greatest common factor of 91 and 416?
13
Calculate the greatest common divisor of 108 and 27.
27
Calculate the highest common factor of 75 and 90.
15
Calculate the greatest common factor of 441 and 72.
9
What is the greatest common factor of 1577 and 83?
83
Calculate the highest common factor of 73 and 292.
73
Calculate the greatest common divisor of 2488 and 8.
8
What is the greatest common factor of 11 and 89?
1
Calculate the highest common divisor of 26187 and 1015.
203
Calculate the greatest common factor of 376 and 56.
8
What is the greatest common factor of 44 and 8316?
44
What is the highest common factor of 734 and 44407?
367
Calculate the highest common factor of 82137 and 786.
393
Calculate the greatest common divisor of 100 and 190.
10
What is the greatest common factor of 115 and 105?
5
Calculate the greatest common divisor of 624 and 195.
39
What is the greatest common divisor of 22 and 1210?
22
Calculate the greatest common factor of 16 and 92.
4
What is the greatest common divisor of 96 and 624?
48
Calculate the highest common divisor of 29 and 928.
29
What is the greatest common divisor of 2304 and 468?
36
Calculate the highest common factor of 18711 and 231.
231
What is the greatest common factor of 70 and 49?
7
Calculate the highest common divisor of 40482 and 692.
346
What is the highest common factor of 189 and 252?
63
What is the highest common factor of 1045 and 385?
55
Calculate the highest common factor of 3354 and 78.
78
Calculate the greatest common factor of 3143 and 49.
7
Calculate the highest common factor of 1441 and 11.
11
Calculate the highest common factor of 272 and 56.
8
What is the greatest common divisor of 286 and 260?
26
What is the highest common factor of 424 and 32?
8
What is the highest common factor of 125 and 100?
25
What is the highest common factor of 585 and 1105?
65
Calculate the greatest common divisor of 3084 and 12.
12
Calculate the highest common factor of 11074 and 392.
98
What is the highest common factor of 2914 and 846?
94
What is the highest common factor of 209 and 19?
19
What is the greatest common divisor of 330 and 44?
22
What is the highest common divisor of 50 and 2?
2
What is the greatest common factor of 77 and 33?
11
What is the greatest common divisor of 81 and 36?
9
What is the highest common divisor of 9 and 24?
3
Calculate the highest common factor of 1296 and 16.
16
Calculate the highest common factor of 33 and 209.
11
What is the greatest common divisor of 6 and 120?
6
Calculate the greatest common factor of 286 and 418.
22
What is the greatest common divisor of 3496 and 40?
8
What is the greatest common factor of 2556 and 324?
36
Calculate the greatest common factor of 1180 and 6608.
236
Calculate the highest common factor of 480 and 30480.
240
Calculate the greatest common divisor of 31 and 713.
31
What is the highest common divisor of 4842 and 18?
18
Calculate the greatest common factor of 24 and 3372.
12
Calculate the greatest common divisor of 36810 and 90.
90
Calculate the greatest common divisor of 308 and 1771.
77
What is the highest common divisor of 2256 and 141?
141
What is the highest common divisor of 6364 and 344?
172
Calculate the highest common factor of 13 and 1937.
13
Calculate the greatest common divisor of 105 and 420.
105
Calculate the highest common factor of 126 and 18.
18
Calculate the highest common divisor of 12 and 9.
3
What is the greatest common factor of 304 and 19?
19
What is the greatest common divisor of 1 and 49?
1
What is the greatest common factor of 12 and 906?
6
Calculate the highest common divisor of 5030 and 70.
10
Calculate the highest common divisor of 166 and 16766.
166
What is the highest common divisor of 504 and 72?
72
Calculate the highest common factor of 56 and 1512.
56
Calculate the highest common factor of 1225 and 539.
49
What is the greatest common factor of 54 and 846?
18
Calculate the highest common factor of 1888 and 413.
59
What is the greatest common factor of 228 and 17100?
228
Calculate the highest common divisor of 90 and 10.
10
What is the greatest common divisor of 400 and 1125?
25
What is the greatest common factor of 2079 and 126?
63
Calculate the highest common divisor of 5 and 81.
1
What is the greatest common factor of 23548 and 1015?
203
What is the highest common divisor of 273 and 42?
21
What is the greatest common factor of 616 and 55?
11
What is the greatest common factor of 1807 and 2502?
139
Calculate the highest common factor of 816 and 51.
51
Calculate the highest common factor of 679 and 291.
97
What is the greatest common divisor of 512 and 32?
32
What is the highest common divisor of 7695 and 76?
19
What is the highest common divisor of 2475 and 125?
25
What is the highest common divisor of 468 and 396?
36
Calculate the greatest common factor of 30 and 3375.
15
What is the highest common divisor of 2877 and 21?
21
What is the greatest common factor of 1200 and 30?
30
What is the greatest common factor of 490 and 130?
10
Calculate the highest common divisor of 18 and 83790.
18
What is the highest common divisor of 1 and 12497?
1
What is the highest common divisor of 4 and 17156?
4
Calculate the greatest common factor of 864 and 2268.
108
What is the greatest common factor of 836 and 88?
44
Calculate the greatest common divisor of 8 and 14472.
8
What is the greatest common divisor of 12 and 804?
12
What is the highes